{"id":3725,"date":"2016-05-03T05:01:39","date_gmt":"2016-05-03T04:01:39","guid":{"rendered":"https:\/\/www.desinger.pl\/?page_id=3725"},"modified":"2024-09-17T20:23:52","modified_gmt":"2024-09-17T19:23:52","slug":"realizacja","status":"publish","type":"page","link":"https:\/\/www.desinger.pl\/?page_id=3725","title":{"rendered":"Realizacja"},"content":{"rendered":"<p>[vc_row full_width=&#8221;stretch_row&#8221; parallax=&#8221;content-moving-fade&#8221; overlay_pattern_opacity=&#8221;50&#8243; css=&#8221;.vc_custom_1462077005137{margin-top: -55px !important;padding-top: 300px !important;padding-bottom: 200px !important;background: #f4f4f4 url(https:\/\/www.desinger.pl\/wp-content\/uploads\/2016\/05\/IMGP7713-e1462071367714.jpg?id=3527);}&#8221; full_page_width=&#8221;&#8221;][vc_column][\/vc_column][\/vc_row][vc_row full_width=&#8221;stretch_row&#8221; overlay_pattern_opacity=&#8221;50&#8243; full_page_width=&#8221;&#8221; css=&#8221;.vc_custom_1533560023228{margin-top: -24px !important;margin-bottom: 60px !important;padding-top: 60px !important;background-position: center !important;background-repeat: no-repeat !important;background-size: cover !important;}&#8221; bg_image_fb=&#8221;3274&#8243;][vc_column][vc_custom_heading text=&#8221;Realizacja wzorcowania&#8221; font_container=&#8221;tag:h2|text_align:left|color:%232d2d2d&#8221; google_fonts=&#8221;font_family:Open%20Sans%3A300%2C300italic%2Cregular%2Citalic%2C600%2C600italic%2C700%2C700italic%2C800%2C800italic|font_style:600%20bold%20regular%3A600%3Anormal&#8221;][vc_custom_heading text=&#8221;Opis przygotowania przyrz\u0105du,<br \/>\ndokumentacji potrzebnej do wzorcowania<br \/>\noraz adresy dostarczenia.&#8221; font_container=&#8221;tag:h4|font_size:18px|text_align:left|color:%232d2d2d&#8221; google_fonts=&#8221;font_family:Open%20Sans%3A300%2C300italic%2Cregular%2Citalic%2C600%2C600italic%2C700%2C700italic%2C800%2C800italic|font_style:400%20regular%3A400%3Anormal&#8221; css=&#8221;.vc_custom_1463160932017{margin-top: -30px !important;padding-right: 0px !important;}&#8221;][vc_column_text]<\/p>\n<p style=\"text-align: justify;\">Nasze laboratorium wzorcuj\u0105ce jest w stanie przeprowadzi\u0107 wzorcowanie wi\u0119kszo\u015bci miernik\u00f3w parametr\u00f3w instalacji elektrycznych. <strong>Przed dostarczeniem prosimy o zapytanie, przez formularz na dole strony, <\/strong> <strong>e-mail, <\/strong><strong>kontakt telefoniczny<\/strong>, aby potwierdzi\u0107 mo\u017cliwo\u015b\u0107 wykonania wzorcowania miernika okre\u015blonego typu.<\/p>\n<p style=\"text-align: justify;\"><strong>Przyrz\u0105dy nale\u017cy przes\u0142a\u0107 na adres:<\/strong><\/p>\n<p style=\"text-align: justify; padding-left: 30px;\"><em>Desinger Krzysztof Kurdy\u0142a<\/em><br \/>\n<em>ul. E. Dembowskiego 7\/27<\/em><br \/>\n<em>38-500 Sanok<\/em><\/p>\n<p style=\"text-align: justify;\"><strong>do\u0142\u0105czaj\u0105c koniecznie do przesy\u0142ki wype\u0142nione zlecenie wykonania us\u0142ugi<\/strong>. Prosimy o staranne pakowanie miernik\u00f3w, aby zabezpieczy\u0107 je przed ewentualnymi uszkodzeniami powsta\u0142ymi w czasie transportu.<\/p>\n<p style=\"text-align: justify;\"><strong>Dostarczenie przyrz\u0105du do wzorcowania mo\u017cna zleci\u0107 nam<\/strong>, do zleceniodawcy b\u0119dzie nale\u017ca\u0142o tylko przygotowanie przesy\u0142ki, a reszt\u0105 czyli zam\u00f3wienie firmy kurierskiej, podanie adres\u00f3w dostarczenia, zajmiemy si\u0119 my, (us\u0142uga za dodatkow\u0105 op\u0142at\u0105 wg. stawek firm kurierskich)<\/p>\n<p style=\"text-align: justify;\">Prosimy o dostarczanie miernik\u00f3w wraz z przewodami pomiarowymi, zw\u0142aszcza wykorzystywanymi do pomiar\u00f3w rezystancji\/impedancji linii\/p\u0119tli zwarcia. To samo dotyczy c\u0119g\u00f3w pr\u0105dowych, kt\u00f3re zostan\u0105 wykorzystane w procesie kalibracji miernika np. w pomiarach rezystancji uziemienia. Nie jest konieczne dostarczanie d\u0142ugich przewod\u00f3w i sond (szpilek) s\u0142u\u017c\u0105cych do pomiaru rezystancji uziemienia. Prosimy w miar\u0119 mo\u017cliwo\u015bci o dostarczanie przyrz\u0105d\u00f3w z na\u0142adowanymi bateriami\/akumulatorami \u2013 dzi\u0119ki temu termin realizacji us\u0142ugi wzorcowania miernik\u00f3w nie b\u0119dzie wyd\u0142u\u017cony.<\/p>\n<p style=\"text-align: justify;\">Do miernika dobrze jest do\u0142\u0105czy\u0107 dane techniczne i\/lub instrukcj\u0119 obs\u0142ugi, je\u015bli nie s\u0105 dost\u0119pne w zasobach internetu (szczeg\u00f3lnie dotyczy to przyrz\u0105d\u00f3w mniej popularnych). W razie braku dost\u0119pu do danych technicznych, wystawiane \u015bwiadectwo wzorcowania nie b\u0119dzie zawiera\u0107 oceny zgodno\u015bci z wymaganiami metrologicznymi deklarowanymi przez producenta miernika.<\/p>\n<p style=\"text-align: justify;\"><strong>Formularze zg\u0142oszenia wzorcowania, do poprania po klikni\u0119ciu odpowiedniej ikony doc lub pdf.<\/strong><br \/>\nWype\u0142nione formularze mo\u017cna wys\u0142a\u0107 na e-mail laboratorium, je\u015bli zostanie wybrana opcja, zlecenia przesy\u0142ki dostarczenia przyrz\u0105du przez nasze laboratorium.<\/p>\n<p>[\/vc_column_text][\/vc_column][\/vc_row][vc_row full_width=&#8221;stretch_row&#8221; css=&#8221;.vc_custom_1533560030298{margin-top: -60px !important;}&#8221;][vc_column][vc_text_separator title=&#8221;Pobieranie formularzy&#8221; title_align=&#8221;separator_align_left&#8221; color=&#8221;white&#8221; el_width=&#8221;100&#8243;][vc_btn title=&#8221;Formularz zg\u0142oszenia DOC&#8221; style=&#8221;custom&#8221; custom_background=&#8221;&#8221; custom_text=&#8221;#3d3d3d&#8221; shape=&#8221;square&#8221; align=&#8221;left&#8221; i_icon_fontawesome=&#8221;fa fa-file-word-o&#8221; css_animation=&#8221;left-to-right&#8221; button_block=&#8221;true&#8221; add_icon=&#8221;true&#8221; link=&#8221;url:http%3A%2F%2Fwww.desinger.pl%2Fwp-content%2Fuploads%2F2018%2F08%2FDesinger-Zlecenie-Us%C5%82ugi-V3.docx||target:%20_blank&#8221;][vc_btn title=&#8221;Formularz zg\u0142oszenia PDF&#8221; style=&#8221;custom&#8221; custom_background=&#8221;&#8221; custom_text=&#8221;#3d3d3d&#8221; shape=&#8221;square&#8221; align=&#8221;left&#8221; i_icon_fontawesome=&#8221;fa fa-file-pdf-o&#8221; css_animation=&#8221;right-to-left&#8221; link=&#8221;url:http%3A%2F%2Fwww.desinger.pl%2Fwp-content%2Fuploads%2F2018%2F08%2FDesinger-Zlecenie-Us%C5%82ugi-V3.pdf||target:%20_blank&#8221; add_icon=&#8221;true&#8221; button_block=&#8221;true&#8221;][vc_text_separator title=&#8221;Formularz zapytania o wzorcowanie&#8221; title_align=&#8221;separator_align_left&#8221; color=&#8221;white&#8221; el_width=&#8221;100&#8243;]\n<div class=\"wpcf7 no-js\" id=\"wpcf7-f3766-o1\" lang=\"pl-PL\" dir=\"ltr\">\n<div class=\"screen-reader-response\"><p role=\"status\" aria-live=\"polite\" aria-atomic=\"true\"><\/p> <ul><\/ul><\/div>\n<form action=\"\/index.php?rest_route=%2Fwp%2Fv2%2Fpages%2F3725#wpcf7-f3766-o1\" method=\"post\" class=\"wpcf7-form init\" aria-label=\"Formularz kontaktowy\" novalidate=\"novalidate\" data-status=\"init\">\n<div style=\"display: none;\">\n<input type=\"hidden\" name=\"_wpcf7\" value=\"3766\" \/>\n<input type=\"hidden\" name=\"_wpcf7_version\" value=\"5.9.8\" \/>\n<input type=\"hidden\" name=\"_wpcf7_locale\" value=\"pl_PL\" \/>\n<input type=\"hidden\" name=\"_wpcf7_unit_tag\" value=\"wpcf7-f3766-o1\" \/>\n<input type=\"hidden\" name=\"_wpcf7_container_post\" value=\"0\" \/>\n<input type=\"hidden\" name=\"_wpcf7_posted_data_hash\" value=\"\" \/>\n<input type=\"hidden\" name=\"_wpcf7_recaptcha_response\" value=\"\" \/>\n<\/div>\n<p>Nazwa lub imi\u0119 i nazwisko\n<\/p>\n<p><span class=\"wpcf7-form-control-wrap\" data-name=\"your-name\"><input size=\"40\" maxlength=\"400\" class=\"wpcf7-form-control wpcf7-text wpcf7-validates-as-required\" aria-required=\"true\" aria-invalid=\"false\" value=\"\" type=\"text\" name=\"your-name\" \/><\/span>\n<\/p>\n<p>Adres email (wymagane)\n<\/p>\n<p><span class=\"wpcf7-form-control-wrap\" data-name=\"your-email\"><input size=\"40\" maxlength=\"400\" class=\"wpcf7-form-control wpcf7-email wpcf7-validates-as-required wpcf7-text wpcf7-validates-as-email\" aria-required=\"true\" aria-invalid=\"false\" value=\"\" type=\"email\" name=\"your-email\" \/><\/span>\n<\/p>\n<p>Nr telefonu (wymagane)\n<\/p>\n<p><span class=\"wpcf7-form-control-wrap\" data-name=\"tel-660\"><input size=\"40\" maxlength=\"400\" class=\"wpcf7-form-control wpcf7-tel wpcf7-validates-as-required wpcf7-text wpcf7-validates-as-tel\" aria-required=\"true\" aria-invalid=\"false\" value=\"\" type=\"tel\" name=\"tel-660\" \/><\/span>\n<\/p>\n<p>Przyrz\u0105d: firma, model\n<\/p>\n<p><span class=\"wpcf7-form-control-wrap\" data-name=\"your-subject\"><input size=\"40\" maxlength=\"400\" class=\"wpcf7-form-control wpcf7-text wpcf7-validates-as-required\" aria-required=\"true\" aria-invalid=\"false\" value=\"\" type=\"text\" name=\"your-subject\" \/><\/span>\n<\/p>\n<p>Uwagi\n<\/p>\n<p><span class=\"wpcf7-form-control-wrap\" data-name=\"your-message\"><textarea cols=\"40\" rows=\"10\" maxlength=\"2000\" class=\"wpcf7-form-control wpcf7-textarea\" aria-invalid=\"false\" name=\"your-message\"><\/textarea><\/span>\n<\/p>\n<p><span class=\"wpcf7-form-control-wrap wpgdprc\"><span class=\"wpcf7-form-control wpcf7-wpgdprc wpcf7-validates-as-required\"><span class=\"wpcf7-list-item\"><input type=\"checkbox\" name=\"wpgdprc\" value=\"1\" aria-required=\"true\" aria-invalid=\"false\" \/><span class=\"wpcf7-list-item-label\">Korzystaj\u0105c z formularza, zgadzasz si\u0119 na przechowywanie i przetwarzanie twoich danych przez witryn\u0119.<\/span><\/span><\/span>    <\/span>\n<\/p>\n<p><input class=\"wpcf7-form-control wpcf7-submit has-spinner\" type=\"submit\" value=\"Wy\u015blij\" \/>\n<\/p><div class=\"wpcf7-response-output\" aria-hidden=\"true\"><\/div>\n<\/form>\n<\/div>\n[\/vc_column][\/vc_row][vc_row full_width=&#8221;stretch_row&#8221; overlay_pattern_opacity=&#8221;50&#8243; css_animation=&#8221;appear&#8221; css=&#8221;.vc_custom_1533560037524{margin-top: -24px !important;margin-bottom: -40px !important;padding-top: 40px !important;padding-bottom: 60px !important;background-position: center !important;background-repeat: no-repeat !important;background-size: cover !important;}&#8221; full_page_width=&#8221;&#8221; bg_image_repeat_fb=&#8221;cover&#8221; bg_image_fb=&#8221;3343&#8243;][vc_column][vc_row_inner][vc_column_inner width=&#8221;1\/4&#8243;][vc_custom_heading text=&#8221;ADRES&#8221; font_container=&#8221;tag:h4|text_align:left&#8221; google_fonts=&#8221;font_family:Open%20Sans%3A300%2C300italic%2Cregular%2Citalic%2C600%2C600italic%2C700%2C700italic%2C800%2C800italic|font_style:700%20bold%20regular%3A700%3Anormal&#8221;][vc_custom_heading text=&#8221;_&#8221; font_container=&#8221;tag:h2|font_size:80px|text_align:left|color:%231a3147&#8243; google_fonts=&#8221;font_family:Open%20Sans%3A300%2C300italic%2Cregular%2Citalic%2C600%2C600italic%2C700%2C700italic%2C800%2C800italic|font_style:800%20bold%20regular%3A800%3Anormal&#8221; css=&#8221;.vc_custom_1424695872499{margin-top: -100px !important;}&#8221;][vc_column_text css=&#8221;.vc_custom_1463499486157{margin-top: -50px !important;}&#8221;]38-500 Sanok<br \/>\nul. E. Dembowskiego 7\/27<br \/>\nNIP 6842078046[\/vc_column_text][\/vc_column_inner][vc_column_inner width=&#8221;1\/4&#8243;][vc_custom_heading text=&#8221;TELEFON&#8221; font_container=&#8221;tag:h4|text_align:left&#8221; google_fonts=&#8221;font_family:Open%20Sans%3A300%2C300italic%2Cregular%2Citalic%2C600%2C600italic%2C700%2C700italic%2C800%2C800italic|font_style:700%20bold%20regular%3A700%3Anormal&#8221;][vc_custom_heading text=&#8221;_&#8221; font_container=&#8221;tag:h2|font_size:80px|text_align:left|color:%231a3147&#8243; google_fonts=&#8221;font_family:Open%20Sans%3A300%2C300italic%2Cregular%2Citalic%2C600%2C600italic%2C700%2C700italic%2C800%2C800italic|font_style:800%20bold%20regular%3A800%3Anormal&#8221; css=&#8221;.vc_custom_1424695890336{margin-top: -100px !important;}&#8221;][vc_column_text css=&#8221;.vc_custom_1462092943437{margin-top: -50px !important;}&#8221;]+48 509 117 436[\/vc_column_text][\/vc_column_inner][vc_column_inner width=&#8221;1\/4&#8243;][vc_custom_heading text=&#8221;EMAIL&#8221; font_container=&#8221;tag:h4|text_align:left&#8221; google_fonts=&#8221;font_family:Open%20Sans%3A300%2C300italic%2Cregular%2Citalic%2C600%2C600italic%2C700%2C700italic%2C800%2C800italic|font_style:700%20bold%20regular%3A700%3Anormal&#8221;][vc_custom_heading text=&#8221;_&#8221; font_container=&#8221;tag:h2|font_size:80px|text_align:left|color:%231a3147&#8243; google_fonts=&#8221;font_family:Open%20Sans%3A300%2C300italic%2Cregular%2Citalic%2C600%2C600italic%2C700%2C700italic%2C800%2C800italic|font_style:800%20bold%20regular%3A800%3Anormal&#8221; css=&#8221;.vc_custom_1424695903336{margin-top: -100px !important;}&#8221;][vc_column_text css=&#8221;.vc_custom_1464553972432{margin-top: -50px !important;}&#8221;]<span style=\"color: #000000;\"><a style=\"color: #000000;\" href=\"mailto:laboratorium@desinger.pl\">laboratorium@desinger.pl<\/a><\/span>[\/vc_column_text][\/vc_column_inner][vc_column_inner width=&#8221;1\/4&#8243;][\/vc_column_inner][\/vc_row_inner][vc_row_inner][vc_column_inner css=&#8221;.vc_custom_1462242122746{margin-top: -100px !important;}&#8221;][vc_custom_heading text=&#8221;_&#8221; font_container=&#8221;tag:h2|font_size:80px|text_align:right|color:%231a3147&#8243; google_fonts=&#8221;font_family:Open%20Sans%3A300%2C300italic%2Cregular%2Citalic%2C600%2C600italic%2C700%2C700italic%2C800%2C800italic|font_style:800%20bold%20regular%3A800%3Anormal&#8221;][vc_custom_heading text=&#8221;Laboratorium wzorcowania<br \/>\nprzyrz\u0105d\u00f3w pomiarowych&#8221; font_container=&#8221;tag:h4|text_align:right|color:%233a3a3a&#8221; google_fonts=&#8221;font_family:Open%20Sans%3A300%2C300italic%2Cregular%2Citalic%2C600%2C600italic%2C700%2C700italic%2C800%2C800italic|font_style:400%20regular%3A400%3Anormal&#8221; css=&#8221;.vc_custom_1462241835553{margin-top: -50px !important;}&#8221;][vc_custom_heading text=&#8221;Podkarpacie, Sanok&#8221; font_container=&#8221;tag:h3|font_size:28px|text_align:right|color:%233a3a3a&#8221; google_fonts=&#8221;font_family:Open%20Sans%3A300%2C300italic%2Cregular%2Citalic%2C600%2C600italic%2C700%2C700italic%2C800%2C800italic|font_style:700%20bold%20regular%3A700%3Anormal&#8221; css=&#8221;.vc_custom_1462241898530{margin-top: -30px !important;}&#8221;][vc_custom_heading text=&#8221;Zapraszamy z okolic Sanoka<br \/>\ndo osobistego dostarczenia przyrz\u0105d\u00f3w<br \/>\n&#8221; font_container=&#8221;tag:h5|text_align:right|color:%233a3a3a&#8221; google_fonts=&#8221;font_family:Open%20Sans%3A300%2C300italic%2Cregular%2Citalic%2C600%2C600italic%2C700%2C700italic%2C800%2C800italic|font_style:400%20regular%3A400%3Anormal&#8221; css=&#8221;.vc_custom_1462241857036{margin-top: -20px !important;}&#8221;][\/vc_column_inner][\/vc_row_inner][\/vc_column][\/vc_row][vc_row][vc_column][vc_column_text]<script>\/\/ <![CDATA[ (function(i,s,o,g,r,a,m){i['GoogleAnalyticsObject']=r;i[r]=i[r]||function(){ (i[r].q=i[r].q||[]).push(arguments)},i[r].l=1*new Date();a=s.createElement(o), m=s.getElementsByTagName(o)[0];a.async=1;a.src=g;m.parentNode.insertBefore(a,m) })(window,document,'script','https:\/\/www.google-analytics.com\/analytics.js','ga'); ga('create', 'UA-77406573-1', 'auto'); ga('send', 'pageview'); \/\/ ]]><\/script>[\/vc_column_text][\/vc_column][\/vc_row]<\/p>\n","protected":false},"excerpt":{"rendered":"<p>[vc_row full_width=&#8221;stretch_row&#8221; parallax=&#8221;content-moving-fade&#8221; overlay_pattern_opacity=&#8221;50&#8243; css=&#8221;.vc_custom_1462077005137{margin-top: -55px !important;padding-top: 300px !important;padding-bottom: 200px !important;background: #f4f4f4 url(https:\/\/www.desinger.pl\/wp-content\/uploads\/2016\/05\/IMGP7713-e1462071367714.jpg?id=3527);}&#8221; full_page_width=&#8221;&#8221;][vc_column][\/vc_column][\/vc_row][vc_row full_width=&#8221;stretch_row&#8221; overlay_pattern_opacity=&#8221;50&#8243; full_page_width=&#8221;&#8221; css=&#8221;.vc_custom_1533560023228{margin-top: -24px !important;margin-bottom: 60px !important;padding-top: 60px !important;background-position: center !important;background-repeat: no-repeat !important;background-size: cover !important;}&#8221; bg_image_fb=&#8221;3274&#8243;][vc_column][vc_custom_heading text=&#8221;Realizacja wzorcowania&#8221; font_container=&#8221;tag:h2|text_align:left|color:%232d2d2d&#8221; google_fonts=&#8221;font_family:Open%20Sans%3A300%2C300italic%2Cregular%2Citalic%2C600%2C600italic%2C700%2C700italic%2C800%2C800italic|font_style:600%20bold%20regular%3A600%3Anormal&#8221;][vc_custom_heading text=&#8221;Opis przygotowania przyrz\u0105du, dokumentacji potrzebnej do wzorcowania oraz adresy dostarczenia.&#8221; font_container=&#8221;tag:h4|font_size:18px|text_align:left|color:%232d2d2d&#8221; google_fonts=&#8221;font_family:Open%20Sans%3A300%2C300italic%2Cregular%2Citalic%2C600%2C600italic%2C700%2C700italic%2C800%2C800italic|font_style:400%20regular%3A400%3Anormal&#8221; css=&#8221;.vc_custom_1463160932017{margin-top: -30px !important;padding-right:&#8230;<\/p>\n","protected":false},"author":1,"featured_media":0,"parent":0,"menu_order":0,"comment_status":"closed","ping_status":"closed","template":"template-fullwidth.php","meta":{"_acf_changed":false,"footnotes":""},"acf":[],"_links":{"self":[{"href":"https:\/\/www.desinger.pl\/index.php?rest_route=\/wp\/v2\/pages\/3725"}],"collection":[{"href":"https:\/\/www.desinger.pl\/index.php?rest_route=\/wp\/v2\/pages"}],"about":[{"href":"https:\/\/www.desinger.pl\/index.php?rest_route=\/wp\/v2\/types\/page"}],"author":[{"embeddable":true,"href":"https:\/\/www.desinger.pl\/index.php?rest_route=\/wp\/v2\/users\/1"}],"replies":[{"embeddable":true,"href":"https:\/\/www.desinger.pl\/index.php?rest_route=%2Fwp%2Fv2%2Fcomments&post=3725"}],"version-history":[{"count":62,"href":"https:\/\/www.desinger.pl\/index.php?rest_route=\/wp\/v2\/pages\/3725\/revisions"}],"predecessor-version":[{"id":4298,"href":"https:\/\/www.desinger.pl\/index.php?rest_route=\/wp\/v2\/pages\/3725\/revisions\/4298"}],"wp:attachment":[{"href":"https:\/\/www.desinger.pl\/index.php?rest_route=%2Fwp%2Fv2%2Fmedia&parent=3725"}],"curies":[{"name":"wp","href":"https:\/\/api.w.org\/{rel}","templated":true}]}}