{"id":3276,"date":"2015-02-24T16:54:46","date_gmt":"2015-02-24T15:54:46","guid":{"rendered":"http:\/\/blaszok.mpcthemes.net\/?page_id=3276"},"modified":"2018-08-06T13:52:59","modified_gmt":"2018-08-06T12:52:59","slug":"oferta","status":"publish","type":"page","link":"https:\/\/www.desinger.pl\/?page_id=3276","title":{"rendered":"Oferta"},"content":{"rendered":"<p>[vc_row full_width=&#8221;stretch_row&#8221; parallax=&#8221;content-moving-fade&#8221; overlay_pattern_opacity=&#8221;50&#8243; css=&#8221;.vc_custom_1462077005137{margin-top: -55px !important;padding-top: 300px !important;padding-bottom: 200px !important;background: #f4f4f4 url(https:\/\/www.desinger.pl\/wp-content\/uploads\/2016\/05\/IMGP7713-e1462071367714.jpg?id=3527);}&#8221; full_page_width=&#8221;&#8221;][vc_column][\/vc_column][\/vc_row][vc_row full_width=&#8221;stretch_row&#8221; overlay_pattern_opacity=&#8221;50&#8243; full_page_width=&#8221;&#8221; css=&#8221;.vc_custom_1533559966457{margin-top: -24px !important;margin-bottom: 20px !important;padding-top: 60px !important;background-position: center !important;background-repeat: no-repeat !important;background-size: cover !important;}&#8221; bg_image_fb=&#8221;3274&#8243;][vc_column][vc_custom_heading text=&#8221;OFERTA&#8221; font_container=&#8221;tag:h3|text_align:left|color:%232d2d2d&#8221; google_fonts=&#8221;font_family:Open%20Sans%3A300%2C300italic%2Cregular%2Citalic%2C600%2C600italic%2C700%2C700italic%2C800%2C800italic|font_style:400%20regular%3A400%3Anormal&#8221;][vc_custom_heading text=&#8221;Laboratorium przyrz\u0105d\u00f3w pomiarowych&#8221; font_container=&#8221;tag:h3|font_size:36px|text_align:left|color:%232d2d2d&#8221; google_fonts=&#8221;font_family:Open%20Sans%3A300%2C300italic%2Cregular%2Citalic%2C600%2C600italic%2C700%2C700italic%2C800%2C800italic|font_style:700%20bold%20regular%3A700%3Anormal&#8221; css=&#8221;.vc_custom_1462019267595{margin-top: -30px !important;padding-right: 0px !important;}&#8221;][vc_column_text]<\/p>\n<p style=\"text-align: justify;\"><strong>Laboratorium przyrz\u0105d\u00f3w pomiarowych <\/strong>oferuje us\u0142ugi sprawdzenia oraz wystawienia \u015bwiadectwa wzorcowania, przyrz\u0105d\u00f3w zwi\u0105zanych z pomiarami wielko\u015bci elektrycznych.<\/p>\n<p style=\"text-align: justify;\"><strong>Wzorcowanie miernik\u00f3w <\/strong>polega na por\u00f3wnaniu ich parametr\u00f3w z parametrami kalibratora (wzorca) maj\u0105cego odniesienie do wzorc\u00f3w krajowych lub mi\u0119dzynarodowych.<\/p>\n<p style=\"text-align: justify;\">Do kategorii wzorcowanych przez nas miernik\u00f3w bezpiecze\u0144stwa instalacji elektrycznych zaliczaj\u0105 si\u0119:<\/p>\n<p style=\"padding-left: 30px; text-align: justify;\">\u2013 mierniki impedancji p\u0119tli zwarcia,<br \/>\n\u2013 mierniki rezystancji p\u0119tli zwarcia,<br \/>\n\u2013 mierniki impedancji oraz rezystancji linii,<br \/>\n\u2013 mierniki rezystancji uziemienia i gruntu,<br \/>\n\u2013 mierniki rezystancji izolacji,<br \/>\n\u2013 mierniki parametr\u00f3w wy\u0142\u0105cznik\u00f3w r\u00f3\u017cnicowopr\u0105dowych (RCD),<br \/>\n\u2013 mierniki ci\u0105g\u0142o\u015bci przewod\u00f3w ochronnych i wyr\u00f3wnawczych,<br \/>\n\u2013 mierniki wielofunkcyjne instalacji elektrycznych,<br \/>\n\u2013 mierniki <span class=\"breadcrumb-title\">bezpiecze\u0144stwa sprz\u0119tu elektrycznego,<\/span><br \/>\n\u2013 mierniki pr\u0105d\u00f3w up\u0142ywu,<br \/>\n\u2013 woltomierzy, amperomierzy, omomierzy,<br \/>\n\u2013 multimetr\u00f3w wielofunkcyjnych i uniwersalnych.<\/p>\n<p style=\"text-align: justify;\">Dbamy o wykonywanie wzorcowania w mo\u017cliwie kr\u00f3tkim czasie, W razie potrzeby mo\u017cliwe jest wykonanie wzorcowania miernika w terminie ekspresowym, po uprzednim, indywidualnym uzgodnieniu terminu dostarczenia i odbioru sprz\u0119tu.<\/p>\n<p style=\"text-align: justify;\">Klient otrzymuje \u015bwiadectwo wzorcowania, kt\u00f3re opr\u00f3cz niezb\u0119dnych informacji opisowych zawiera pe\u0142ny pogl\u0105d z przeprowadzonych pomiar\u00f3w, wraz z oszacowanymi warto\u015bciami niepewno\u015bci rozszerzonych opracowanych na podstawie dokumentu EA-4\/02.\u00a0 Forma i tre\u015b\u0107 \u015bwiadectwa zosta\u0142y opracowane w taki spos\u00f3b, aby spe\u0142nione by\u0142y wytyczne Polskiego Centrum Akredytacji (PCA) przeznaczone dla laboratori\u00f3w akredytowanych.<\/p>\n<p style=\"text-align: justify;\"><strong>Najwy\u017csza jako\u015b\u0107 wzorcowania<\/strong><\/p>\n<p style=\"text-align: justify;\">Ze wzgl\u0119du na charakter us\u0142ugi, wzorcowanie miernik\u00f3w musi by\u0107 wykonywane na najwy\u017cszym poziomie. Z tego powodu, ka\u017cde przeprowadzone przez nas wzorcowanie miernik\u00f3w jest wykonywane zgodnie z wymaganiami instrukcji zak\u0142adowej wzorcowania przyrz\u0105d\u00f3w pomiarowych.<\/p>\n<p>[\/vc_column_text][\/vc_column][\/vc_row][vc_row full_width=&#8221;stretch_row&#8221; overlay_pattern_opacity=&#8221;50&#8243; css_animation=&#8221;appear&#8221; css=&#8221;.vc_custom_1533559974045{margin-top: -30px !important;margin-bottom: -40px !important;padding-top: 40px !important;padding-bottom: 60px !important;background-position: center !important;background-repeat: no-repeat !important;background-size: cover !important;}&#8221; full_page_width=&#8221;&#8221; bg_image_repeat_fb=&#8221;cover&#8221; bg_image_fb=&#8221;3343&#8243;][vc_column][vc_row_inner][vc_column_inner width=&#8221;1\/4&#8243;][vc_custom_heading text=&#8221;ADRES&#8221; font_container=&#8221;tag:h4|text_align:left&#8221; google_fonts=&#8221;font_family:Open%20Sans%3A300%2C300italic%2Cregular%2Citalic%2C600%2C600italic%2C700%2C700italic%2C800%2C800italic|font_style:700%20bold%20regular%3A700%3Anormal&#8221;][vc_custom_heading text=&#8221;_&#8221; font_container=&#8221;tag:h2|font_size:80px|text_align:left|color:%231a3147&#8243; google_fonts=&#8221;font_family:Open%20Sans%3A300%2C300italic%2Cregular%2Citalic%2C600%2C600italic%2C700%2C700italic%2C800%2C800italic|font_style:800%20bold%20regular%3A800%3Anormal&#8221; css=&#8221;.vc_custom_1424695872499{margin-top: -100px !important;}&#8221;][vc_column_text css=&#8221;.vc_custom_1463499048948{margin-top: -50px !important;}&#8221;]38-500 Sanok<br \/>\nul. E. Dembowskiego 7\/27<br \/>\nNIP 6842078046[\/vc_column_text][\/vc_column_inner][vc_column_inner width=&#8221;1\/4&#8243;][vc_custom_heading text=&#8221;TELEFON&#8221; font_container=&#8221;tag:h4|text_align:left&#8221; google_fonts=&#8221;font_family:Open%20Sans%3A300%2C300italic%2Cregular%2Citalic%2C600%2C600italic%2C700%2C700italic%2C800%2C800italic|font_style:700%20bold%20regular%3A700%3Anormal&#8221;][vc_custom_heading text=&#8221;_&#8221; font_container=&#8221;tag:h2|font_size:80px|text_align:left|color:%231a3147&#8243; google_fonts=&#8221;font_family:Open%20Sans%3A300%2C300italic%2Cregular%2Citalic%2C600%2C600italic%2C700%2C700italic%2C800%2C800italic|font_style:800%20bold%20regular%3A800%3Anormal&#8221; css=&#8221;.vc_custom_1424695890336{margin-top: -100px !important;}&#8221;][vc_column_text css=&#8221;.vc_custom_1462092943437{margin-top: -50px !important;}&#8221;]+48 509 117 436[\/vc_column_text][\/vc_column_inner][vc_column_inner width=&#8221;1\/4&#8243;][vc_custom_heading text=&#8221;EMAIL&#8221; font_container=&#8221;tag:h4|text_align:left&#8221; google_fonts=&#8221;font_family:Open%20Sans%3A300%2C300italic%2Cregular%2Citalic%2C600%2C600italic%2C700%2C700italic%2C800%2C800italic|font_style:700%20bold%20regular%3A700%3Anormal&#8221;][vc_custom_heading text=&#8221;_&#8221; font_container=&#8221;tag:h2|font_size:80px|text_align:left|color:%231a3147&#8243; google_fonts=&#8221;font_family:Open%20Sans%3A300%2C300italic%2Cregular%2Citalic%2C600%2C600italic%2C700%2C700italic%2C800%2C800italic|font_style:800%20bold%20regular%3A800%3Anormal&#8221; css=&#8221;.vc_custom_1424695903336{margin-top: -100px !important;}&#8221;][vc_column_text css=&#8221;.vc_custom_1464553856859{margin-top: -50px !important;}&#8221;]<span style=\"color: #000000;\"><a style=\"color: #000000;\" href=\"mailto:laboratorium@desinger.pl\">laboratorium@desinger.pl<\/a><\/span>[\/vc_column_text][\/vc_column_inner][vc_column_inner width=&#8221;1\/4&#8243;][\/vc_column_inner][\/vc_row_inner][vc_row_inner][vc_column_inner css=&#8221;.vc_custom_1462242122746{margin-top: -100px !important;}&#8221;][vc_custom_heading text=&#8221;_&#8221; font_container=&#8221;tag:h2|font_size:80px|text_align:right|color:%231a3147&#8243; google_fonts=&#8221;font_family:Open%20Sans%3A300%2C300italic%2Cregular%2Citalic%2C600%2C600italic%2C700%2C700italic%2C800%2C800italic|font_style:800%20bold%20regular%3A800%3Anormal&#8221;][vc_custom_heading text=&#8221;Laboratorium wzorcowania<br \/>\nprzyrz\u0105d\u00f3w pomiarowych&#8221; font_container=&#8221;tag:h4|text_align:right|color:%233a3a3a&#8221; google_fonts=&#8221;font_family:Open%20Sans%3A300%2C300italic%2Cregular%2Citalic%2C600%2C600italic%2C700%2C700italic%2C800%2C800italic|font_style:400%20regular%3A400%3Anormal&#8221; css=&#8221;.vc_custom_1462241835553{margin-top: -50px !important;}&#8221;][vc_custom_heading text=&#8221;Podkarpacie, Sanok&#8221; font_container=&#8221;tag:h3|font_size:28px|text_align:right|color:%233a3a3a&#8221; google_fonts=&#8221;font_family:Open%20Sans%3A300%2C300italic%2Cregular%2Citalic%2C600%2C600italic%2C700%2C700italic%2C800%2C800italic|font_style:700%20bold%20regular%3A700%3Anormal&#8221; css=&#8221;.vc_custom_1462241898530{margin-top: -30px !important;}&#8221;][vc_custom_heading text=&#8221;Zapraszamy z okolic Sanoka<br \/>\ndo osobistego dostarczenia przyrz\u0105d\u00f3w<br \/>\n&#8221; font_container=&#8221;tag:h5|text_align:right|color:%233a3a3a&#8221; google_fonts=&#8221;font_family:Open%20Sans%3A300%2C300italic%2Cregular%2Citalic%2C600%2C600italic%2C700%2C700italic%2C800%2C800italic|font_style:400%20regular%3A400%3Anormal&#8221; css=&#8221;.vc_custom_1462241857036{margin-top: -20px !important;}&#8221;][\/vc_column_inner][\/vc_row_inner][\/vc_column][\/vc_row][vc_row][vc_column][vc_column_text]<script>\/\/ <![CDATA[ (function(i,s,o,g,r,a,m){i['GoogleAnalyticsObject']=r;i[r]=i[r]||function(){ (i[r].q=i[r].q||[]).push(arguments)},i[r].l=1*new Date();a=s.createElement(o), m=s.getElementsByTagName(o)[0];a.async=1;a.src=g;m.parentNode.insertBefore(a,m) })(window,document,'script','https:\/\/www.google-analytics.com\/analytics.js','ga'); ga('create', 'UA-77406573-1', 'auto'); ga('send', 'pageview'); \/\/ ]]><\/script>[\/vc_column_text][\/vc_column][\/vc_row]<\/p>\n","protected":false},"excerpt":{"rendered":"<p>[vc_row full_width=&#8221;stretch_row&#8221; parallax=&#8221;content-moving-fade&#8221; overlay_pattern_opacity=&#8221;50&#8243; css=&#8221;.vc_custom_1462077005137{margin-top: -55px !important;padding-top: 300px !important;padding-bottom: 200px !important;background: #f4f4f4 url(https:\/\/www.desinger.pl\/wp-content\/uploads\/2016\/05\/IMGP7713-e1462071367714.jpg?id=3527);}&#8221; full_page_width=&#8221;&#8221;][vc_column][\/vc_column][\/vc_row][vc_row full_width=&#8221;stretch_row&#8221; overlay_pattern_opacity=&#8221;50&#8243; full_page_width=&#8221;&#8221; css=&#8221;.vc_custom_1533559966457{margin-top: -24px !important;margin-bottom: 20px !important;padding-top: 60px !important;background-position: center !important;background-repeat: no-repeat !important;background-size: cover !important;}&#8221; bg_image_fb=&#8221;3274&#8243;][vc_column][vc_custom_heading text=&#8221;OFERTA&#8221; font_container=&#8221;tag:h3|text_align:left|color:%232d2d2d&#8221; google_fonts=&#8221;font_family:Open%20Sans%3A300%2C300italic%2Cregular%2Citalic%2C600%2C600italic%2C700%2C700italic%2C800%2C800italic|font_style:400%20regular%3A400%3Anormal&#8221;][vc_custom_heading text=&#8221;Laboratorium przyrz\u0105d\u00f3w pomiarowych&#8221; font_container=&#8221;tag:h3|font_size:36px|text_align:left|color:%232d2d2d&#8221; google_fonts=&#8221;font_family:Open%20Sans%3A300%2C300italic%2Cregular%2Citalic%2C600%2C600italic%2C700%2C700italic%2C800%2C800italic|font_style:700%20bold%20regular%3A700%3Anormal&#8221; css=&#8221;.vc_custom_1462019267595{margin-top: -30px !important;padding-right: 0px !important;}&#8221;][vc_column_text] Laboratorium przyrz\u0105d\u00f3w pomiarowych oferuje us\u0142ugi sprawdzenia&#8230;<\/p>\n","protected":false},"author":1,"featured_media":0,"parent":0,"menu_order":0,"comment_status":"closed","ping_status":"closed","template":"template-fullwidth.php","meta":{"_acf_changed":false,"footnotes":""},"acf":[],"_links":{"self":[{"href":"https:\/\/www.desinger.pl\/index.php?rest_route=\/wp\/v2\/pages\/3276"}],"collection":[{"href":"https:\/\/www.desinger.pl\/index.php?rest_route=\/wp\/v2\/pages"}],"about":[{"href":"https:\/\/www.desinger.pl\/index.php?rest_route=\/wp\/v2\/types\/page"}],"author":[{"embeddable":true,"href":"https:\/\/www.desinger.pl\/index.php?rest_route=\/wp\/v2\/users\/1"}],"replies":[{"embeddable":true,"href":"https:\/\/www.desinger.pl\/index.php?rest_route=%2Fwp%2Fv2%2Fcomments&post=3276"}],"version-history":[{"count":67,"href":"https:\/\/www.desinger.pl\/index.php?rest_route=\/wp\/v2\/pages\/3276\/revisions"}],"predecessor-version":[{"id":4143,"href":"https:\/\/www.desinger.pl\/index.php?rest_route=\/wp\/v2\/pages\/3276\/revisions\/4143"}],"wp:attachment":[{"href":"https:\/\/www.desinger.pl\/index.php?rest_route=%2Fwp%2Fv2%2Fmedia&parent=3276"}],"curies":[{"name":"wp","href":"https:\/\/api.w.org\/{rel}","templated":true}]}}